1
What are the prime factors of 1566301148?
2, 61, 6419267
List the prime factors of 1095243238.
2, 67, 367, 22271
List the prime factors of 605194138.
2, 2551, 118619
What are the prime factors of 71452783?
523, 136621
List the prime factors of 106295157.
3, 53, 222841
What are the prime factors of 1496994665?
5, 41, 2087, 3499
What are the prime factors of 402413958?
2, 3, 19, 1061, 1109
What are the prime factors of 389046517?
151, 2576467
What are the prime factors of 594161741?
10427, 56983
What are the prime factors of 109930969?
109, 1008541
List the prime factors of 45215726.
2, 1259, 17957
List the prime factors of 78662713.
2707, 29059
List the prime factors of 2857956.
2, 3, 238163
List the prime factors of 6487335.
3, 5, 144163
What are the prime factors of 183145484?
2, 19, 151, 15959
What are the prime factors of 39637047?
3, 17, 151, 5147
List the prime factors of 6159663060.
2, 3, 5, 37, 2774623
What are the prime factors of 624177527?
29, 761, 28283
List the prime factors of 70122660.
2, 3, 5, 1168711
What are the prime factors of 1216580202?
2, 3, 37, 608899
What are the prime factors of 451462522?
2, 7, 109, 295847
What are the prime factors of 3025831?
29, 103, 1013
What are the prime factors of 172226627?
53, 569, 5711
What are the prime factors of 551519018?
2, 275759509
List the prime factors of 60810388.
2, 37, 641
What are the prime factors of 1026180583?
1026180583
What are the prime factors of 60286853?
11, 29, 47, 4021
What are the prime factors of 1287506143?
7, 11, 16720859
List the prime factors of 73813472.
2, 2306671
List the prime factors of 2851743564.
2, 3, 26405033
What are the prime factors of 63868247?
63868247
List the prime factors of 4149442409.
7, 29, 541, 37783
List the prime factors of 472183324.
2, 191, 618041
What are the prime factors of 8270935?
5, 571, 2897
What are the prime factors of 86107449?
3, 19, 101, 14957
What are the prime factors of 38080366?
2, 19040183
What are the prime factors of 1333702634?
2, 11, 29, 227, 9209
What are the prime factors of 6289530068?
2, 6263, 251059
What are the prime factors of 293363589?
3, 1889, 51767
What are the prime factors of 6915309618?
2, 3, 7, 164650229
List the prime factors of 68019103.
271, 250993
List the prime factors of 83038297.
83038297
List the prime factors of 1431071292.
2, 3, 7, 17036563
What are the prime factors of 314395945?
5, 19, 113, 29287
What are the prime factors of 5126884808?
2, 20249, 31649
List the prime factors of 1584473148.
2, 3, 911, 48313
What are the prime factors of 535665391?
37, 14477443
What are the prime factors of 401576841?
3, 44619649
What are the prime factors of 5354390?
2, 5, 19, 28181
List the prime factors of 218574543.
3, 11, 23, 287977
List the prime factors of 95799710.
2, 5, 19, 504209
List the prime factors of 43269254.
2, 7, 441523
What are the prime factors of 1002347733?
3, 334115911
What are the prime factors of 99749433?
3, 7, 41, 115853
What are the prime factors of 675496523?
13, 51961271
What are the prime factors of 49125443?
587, 83689
What are the prime factors of 863870432?
2, 23, 281, 4177
List the prime factors of 7511399.
7, 17, 47, 79
List the prime factors of 5205864558.
2, 3, 29191, 29723
List the prime factors of 237580644.
2, 3, 7, 17, 29, 5737
List the prime factors of 47215834.
2, 17, 1388701
List the prime factors of 92347871.
7, 11, 157, 7639
What are the prime factors of 533854932?
2, 3, 13, 19, 23, 41, 191
List the prime factors of 15551764.
2, 103, 37747
What are the prime factors of 167035402?
2, 83517701
What are the prime factors of 967960658?
2, 7, 23, 67, 44867
What are the prime factors of 844204989?
3, 17, 31, 533969
List the prime factors of 2341788404.
2, 2819, 207679
What are the prime factors of 882548475?
3, 5, 89, 109, 1213
What are the prime factors of 57247136?
2, 1788973
What are the prime factors of 97602792?
2, 3, 7, 580969
What are the prime factors of 295484757?
3, 881, 111799
List the prime factors of 170056688.
2, 19, 559397
What are the prime factors of 313284245?
5, 17, 29, 73, 1741
What are the prime factors of 3789623?
17, 222919
List the prime factors of 43751091.
3, 19, 61, 12583
List the prime factors of 593250536.
2, 1433, 51749
List the prime factors of 163897304.
2, 20487163
List the prime factors of 134940494.
2, 13, 23, 9811
What are the prime factors of 1499648289?
3, 499882763
List the prime factors of 8244780826.
2, 463, 1091, 8161
What are the prime factors of 18973367?
7, 23, 191, 617
What are the prime factors of 65039191?
7, 353, 26321
What are the prime factors of 543892107?
3, 11, 16481579
List the prime factors of 14285780.
2, 5, 17, 42017
List the prime factors of 544496151.
3, 101, 1797017
What are the prime factors of 87889506?
2, 3, 43, 340657
What are the prime factors of 128208278?
2, 11, 127, 45887
What are the prime factors of 320635249?
11, 17, 23, 127, 587
What are the prime factors of 2022940436?
2, 11, 23, 7901
What are the prime factors of 282877252?
2, 7, 29, 61, 5711
List the prime factors of 122952974.
2, 61476487
What are the prime factors of 39074243?
13, 3005711
What are the prime factors of 1515473005?
5, 1571, 192931
List the prime factors of 2450198957.
53, 46230169
List the prime factors of 1289912343.
3, 251, 751, 2281
What are the prime factors of 9318540?
2, 3, 5, 7, 11, 2017
What are the prime factors of 93905778?
2, 3, 37, 131, 3229
What are the prime factors of 1618192211?
43, 37632377
What are the prime factors of 47737185?
3, 5, 3182479
What are the prime factors of 1778830298?
2, 7, 127059307
What are the prime factors of 153620543?
73, 2104391
List the prime factors of 3015298870.
2, 5, 9679, 31153
List the prime factors of 213100848.
2, 3, 17, 29017
List the prime factors of 3197879620.
2, 5, 13, 157, 78341
What are the prime factors of 5911859945?
5, 43, 1621, 16963
List the prime factors of 16796531.
43, 47, 8311
List the prime factors of 2322854961.
3, 7, 110612141
What are the prime factors of 51262633?
17, 29, 103981
What are the prime factors of 1604820219?
3, 534940073
What are the prime factors of 8585432034?
2, 3, 73, 19601443
List the prime factors of 45401730.
2, 3, 5, 11, 17, 8093
List the prime factors of 8757816233.
151, 157, 369419
What are the prime factors of 859192370?
2, 5, 23, 3735619
List the prime factors of 71126406.
2, 3, 13, 303959
What are the prime factors of 36801768?
2, 3, 1533407
What are the prime factors of 35229521?
4583, 7687
List the prime factors of 7327980.
2, 3, 5, 11, 3701
List the prime factors of 40641285.
3, 5, 19, 142601
List the prime factors of 290092041.
3, 331, 97379
List the prime factors of 228654643.
7, 157, 208057
What are the prime factors of 80608921?
80608921
What are the prime factors of 1362022183?
1362022183
List the prime factors of 23516069.
23516069
What are the prime factors of 318032500?
2, 5, 23, 5531
What are the prime factors of 225143386?
2, 13, 787, 11003
What are the prime factors of 451884873?
3, 11, 29, 472189
List the prime factors of 25492711.
29, 163, 5393
What are the prime factors of 472340311?
4903, 96337
What are the prime factors of 485935811?
19, 25575569
What are the prime factors of 276032058?
2, 3, 46005343
What are the prime factors of 821091392?
2, 11, 1166323
What are the prime factors of 230053421?
13, 17696417
What are the prime factors of 3175720052?
2, 29, 79, 346543
List the prime factors of 258452466.
2, 3, 29, 503, 2953
What are the prime factors of 4400242705?
5, 193, 4559837
List the prime factors of 4729954408.
2, 73, 1087, 7451
List the prime factors of 4301546.
2, 37, 58129
List the prime factors of 71439116.
2, 7, 2551397
What are the prime factors of 413483193?
3, 61, 101, 7457
List the prime factors of 647343839.
647343839
List the prime factors of 211352072.
2, 26419009
List the prime factors of 100423824.
2, 3, 2092163
List the prime factors of 378963.
3, 13, 41, 79
What are the prime factors of 176939156?
2, 44234789
List the prime factors of 8589349508.
2, 337, 6371921
What are the prime factors of 64266552?
2, 3, 7, 29, 4397
What are the prime factors of 4718535370?
2, 5, 9767, 48311
What are the prime factors of 10553437?
10553437
What are the prime factors of 1970144916?
2, 3, 67, 109, 22